 -100001010000001010110001 (base 2) to base 16.
-8502b1
Convert -276c75 (base 13) to base 15.
-13dbe9
Convert -149e7a (base 15) to base 13.
-28b181
-123212122 (base 4) to base 13
-3c5c2
Convert -2521030 (base 6) to base 14.
-372c2
What is 15135605 (base 7) in base 6?
50452312
What is -100110101100000110 (base 2) in base 13?
-57190
Convert -10010100010011011 (base 2) to base 14.
-1d959
Convert 4794905 (base 10) to base 2.
10010010010101000011001
-1303111122 (base 4) to base 10
-472410
-1100331 (base 7) to base 4
-200313201
What is -ed73d (base 16) in base 8?
-3553475
What is a2a551 (base 11) in base 7?
20025316
Convert -2200010222 (base 3) to base 12.
-2652b
Convert -6a86 (base 12) to base 4.
-2322012
4341555 (base 6) to base 11
137a60
-1c5436 (base 13) to base 4
-2301023203
What is 4ac5c (base 16) in base 4?
1022301130
Convert -125244561 (base 7) to base 12.
-283b816
Convert 221a2 (base 16) to base 12.
68a02
What is 55155225 (base 6) in base 11?
a26502
Convert 158528 (base 11) to base 12.
ba117
Convert -111021220001 (base 3) to base 2.
-111111110111111111
Convert -4211763 (base 9) to base 16.
-225c00
Convert 313201322 (base 4) to base 11.
145983
Convert -1034030341 (base 5) to base 15.
-2e73b6
-125545560 (base 7) to base 6
-445304233
Convert -30ee9 (base 16) to base 14.
-53081
Convert 102234204 (base 5) to base 13.
120c87
-1020001212010 (base 3) to base 14
-12d2c4
Convert -1200120100221 (base 3) to base 2.
-11011010111110101010
Convert -250323 (base 8) to base 16.
-150d3
-103102123 (base 4) to base 2
-10011010010011011
-102414043 (base 5) to base 7
-3462514
Convert 3875985 (base 10) to base 8.
16622221
What is -a7b8c (base 14) in base 12?
-176900
What is -393140 (base 11) in base 8?
-2271110
-8bb77e (base 15) to base 5
-3201430234
What is -10666141 (base 7) in base 8?
-3455577
What is 11100011101110000101101 (base 2) in base 13?
171355b
-10a35 (base 16) to base 9
-113431
Convert 66102011 (base 7) to base 14.
a76541
What is -1001001011110110101100 (base 2) in base 12?
-981524
Convert 125125143 (base 6) to base 5.
1113444104
Convert 302013131311 (base 4) to base 11.
7463678
What is -216322 (base 8) in base 11?
-4a866
Convert 66601623 (base 7) to base 3.
101211001122220
-11001010101011000110 (base 2) to base 4
-3022223012
2132402410 (base 5) to base 12
1647937
What is -774ba (base 16) in base 4?
-1313102322
Convert 582d8a (base 14) to base 6.
144222114
What is 64287 (base 12) in base 2?
100000001010000111
-2928 (base 13) to base 7
-23226
What is -29ad6 (base 16) in base 2?
-101001101011010110
101011110000110010 (base 2) to base 12
87896
Convert -91445 (base 14) to base 7.
-2653315
-1245266 (base 9) to base 2
-10100101111011100010
Convert 11311201 (base 5) to base 15.
20bd6
Convert -30322330132 (base 4) to base 3.
-20101002022121
What is -806377 (base 9) in base 10?
-477079
What is 1200110220210 (base 3) in base 2?
11011010100010110000
Convert -94 (base 15) to base 11.
-117
Convert -1102010010110 (base 3) to base 9.
-1363113
96594 (base 11) to base 10
140463
What is -2021202220210 (base 3) in base 8?
-4506650
What is -1000100100110 (base 2) in base 4?
-1010212
3002422243 (base 5) to base 4
112201210322
-31212213 (base 4) to base 9
-84380
Convert -61954 (base 13) to base 4.
-222300301
1001110010100011001 (base 2) to base 3
121022001020
Convert 11b561 (base 13) to base 8.
1475761
Convert -26899c (base 13) to base 6.
-32000134
What is -13a85 (base 13) in base 12?
-19473
Convert -2311773 (base 8) to base 3.
-1011220001102
-2572706 (base 8) to base 7
-6051051
Convert -840a02 (base 11) to base 9.
-2474322
What is 2bac2 (base 13) in base 15?
19977
Convert -13222400 (base 5) to base 3.
-20202020101
What is 1001312302 (base 4) in base 5?
32112441
500345 (base 8) to base 10
164069
-1001110011011010 (base 2) to base 4
-21303122
-551678 (base 9) to base 8
-1203170
Convert 311331030 (base 4) to base 10.
221004
What is 10101010110010111 (base 2) in base 11?
5a778
Convert 13bd52 (base 14) to base 15.
d8351
-14333023 (base 6) to base 7
-4126341
Convert 470564 (base 11) to base 15.
eb696
What is 1944b8 (base 13) in base 5?
130403312
What is -1271200 (base 11) in base 10?
-2197723
Convert -775a4 (base 13) to base 8.
-646335
What is -10031402434 (base 5) in base 14?
-14909b0
-64506 (base 11) to base 8
-267125
7112 (base 9) to base 3
21010102
What is 3f582b (base 16) in base 11?
2385a65
-29a18 (base 13) to base 10
-78606
What is -29146 (base 13) in base 2?
-10010110101000010
725047 (base 8) to base 6
5051515
Convert -1332200101 (base 4) to base 2.
-1111110100000010001
-a03665 (base 15) to base 4
-131000301020
Convert 141444222 (base 5) to base 10.
734312
Convert -23970a (base 11) to base 4.
-1130133231
What is 35446060 (base 7) in base 6?
151130514
20712 (base 13) to base 5
3331240
Convert -43230224 (base 5) to base 4.
-1121233030
13101312112 (base 4) to base 6
104521514
Convert -20332301 (base 6) to base 9.
-1085061
-4213345 (base 6) to base 2
-110001110111100001
What is -11142 (base 8) in base 5?
-122311
What is 6e3c72 (base 15) in base 8?
24104354
Convert 1863108 (base 9) to base 7.
11613014
Convert -11011301202 (base 4) to base 16.
-145c62
-125106015 (base 7) to base 3
-120002102000100
Convert -11100001010111110110101 (base 2) to base 4.
-130022332311
What is -315570 (base 13) in base 4?
-10121310321
-4a3aa (base 12) to base 15
-1ece1
Convert 350000 (base 10) to base 15.
6da85
Convert -4679 (base 13) to base 7.
-40604
What is 10100001101010000111 (base 2) in base 15?
d12d6
Convert 30200 (base 15) to base 16.
25305
1117227 (base 8) to base 3
120101021201
3a6784 (base 12) to base 11
5aa2a5
210211112001000 (base 3) to base 5
10432303040
What is 2232023310 (base 4) in base 15?
e15e0
What is 1103003001 (base 4) in base 3?
122021121120
Convert 15885 (base 16) to base 3.
11110222120
Convert -203433 (base 6) to base 8.
-37755
Convert -6425aa (base 11) to base 8.
-3730241
-5f1fe5 (base 16) to base 5
-3043442320
Convert 221131303 (base 5) to base 4.
3221331320
Convert 765665 (base 9) to base 3.
212012202012
Convert ee4835 (base 16) to base 8.
73444065
What is -14a730 (base 15) in base 8?
-3633575
Convert 77859 (base 10) to base 12.
39083
2820a50 (base 13) to base 2
110000011000011001010111
What is 10121001202 (base 3) in base 13?
26291
-210001102 (base 5) to base 2
-11010001110110000111
What is 125401213 (base 6) in base 14?
492853
What is -107b8 (base 14) in base 11?
-28019
What is -229606 (base 10) in base 2?
-111000000011100110
What is 31a827 (base 13) in base 4?
10130213203
What is 2022211101220 (base 3) in base 10?
1236678
Convert -1107d9 (base 14) to base 2.
-10001101000100001011
2042225 (base 6) to base 2
11000001011001001
What is -1110001001011110110 (base 2) in base 7?
-3640423
What is 447837 (base 12) in base 9?
2043307
What is 6380687 (base 9) in base 13?
9291b2
Convert -34807 (base 13) to base 5.
-11031310
Convert -3421065 (base 9) to base 12.
-74b465
Convert a1321 (base 11) to base 10.
148127
What is -3aa7 (base 14) in base 12?
-5b97
11555651 (base 7) to base 5
231224102
60997 (base 13) to base 12
84157
What is 17081681 (base 9) in base 13?
1a07a1b
What is -f3725 (base 16) in base 11?
-6211a7
What is 3114a84 (base 12) in base 2?
100011001110111000000100
-162028 (base 14) to base 2
-10111100111011010100
What is -10200122011012 (base 3) in base 10?
-1961123
-30233264 (base 7) to base 3
-11201122122222
1a53a8 (base 12) to base 11
298724
Convert -1113231332 (base 4) to base 3.
-200020212012
Convert -c04a6 (base 13) to base 7.
-2630405
-156034 (base 10) to base 8
-460602
3b7b48 (base 12) to base 14
1ba26c
-785735 (base 9) to base 10
-470075
-2ed9b (base 15) to base 11
-a3972
12112002020 (base 3) to base 6
2155053
What is -121011010102 (base 3) in base 6?
-10451532
33cc5ba (base 13) to base 12
541a7a8
Convert 1a86b9 (base 14) to base 9.
1700605
Convert 1101352 (base 7) to base 12.
66147
Convert 3a5057c (base 13) to base 4.
1011330311112
-1406883 (base 10) to base 16
-1577a3
-1211000010010 (base 3) to base 4
-3223133013
Convert -5320066 (base 9) to base 14.
-541a34
Convert 221010022012112 (base 3) to base 14.
1ab778b
-a795c5 (base 13) to base 12
-13984b0
110001002000122 (base 3) to base 10
6398450
What is -6abd (base 16) in base 14?
-9d5b
Convert -9086e (base 15